 14, what is -5 + 823b7?
823b2
In base 3, what is 110 + 10201120?
10202000
In base 14, what is -a - 3327?
-3333
In base 10, what is 31 - -464?
495
In base 2, what is 101 + 1011010100010100011?
1011010100010101000
In base 16, what is 23 + 1e81?
1ea4
In base 7, what is 1453365 + -3?
1453362
In base 10, what is -217 + 102?
-115
In base 15, what is 8e - -1ca?
269
In base 6, what is -23213 - -333?
-22440
In base 11, what is -62 + 63?
1
In base 3, what is -112201110100 + 11?
-112201110012
In base 16, what is 12cd4 + 5?
12cd9
In base 10, what is -15 + 1634?
1619
In base 11, what is -1 - -28761?
28760
In base 2, what is 100 + 110010101001101?
110010101010001
In base 2, what is -1110110101 + 100111?
-1110001110
In base 4, what is -10132132133 - -1?
-10132132132
In base 13, what is 1b6 + 71?
257
In base 13, what is 5 - -93b8?
93c0
In base 11, what is -1507 + -4?
-1510
In base 15, what is -2 - -4092?
4090
In base 12, what is 311718 + -4?
311714
In base 4, what is 1 + 22322322?
22322323
In base 8, what is 4701 - 33?
4646
In base 3, what is 1000100022 - 10?
1000100012
In base 2, what is 11001 - -1110000110011?
1110001001100
In base 2, what is 11001 + -1101001000000?
-1101000100111
In base 6, what is 143 - 4423?
-4240
In base 3, what is 100020 + -121001?
-20211
In base 13, what is b03 + -2?
b01
In base 9, what is -11 - 8850?
-8861
In base 12, what is -16106 + 2?
-16104
In base 10, what is -2545 - -2?
-2543
In base 11, what is 755956 + 4?
75595a
In base 4, what is 21 + -213212?
-213131
In base 4, what is 0 + 2211302?
2211302
In base 6, what is 51 + 410325?
410420
In base 12, what is -5 + 4b008?
4b003
In base 16, what is -d7eb + -a?
-d7f5
In base 7, what is 1230 - 42351?
-41121
In base 15, what is 3 - 2c239?
-2c236
In base 4, what is -1220 - -30302?
23022
In base 7, what is 123 + -10162?
-10036
In base 16, what is 4 + 4154?
4158
In base 10, what is -2 - -10278?
10276
In base 4, what is 10030223012 + -10?
10030223002
In base 2, what is -101 + -1001101011110011111?
-1001101011110100100
In base 15, what is 0 - -7ca6?
7ca6
In base 10, what is -331 + 3565?
3234
In base 9, what is -5 - 346455?
-346461
In base 7, what is -304 + -135?
-442
In base 2, what is -11 + 1100110011111010001?
1100110011111001110
In base 5, what is -3 + -144244321?
-144244324
In base 6, what is 350210 + 1?
350211
In base 16, what is 4 + 9dd?
9e1
In base 8, what is -33017 - 0?
-33017
In base 9, what is -215321 + 3?
-215317
In base 15, what is -c74b + 4?
-c747
In base 12, what is -1 - -8422?
8421
In base 11, what is 1 - -6911?
6912
In base 11, what is 3845a + 1?
38460
In base 13, what is -b335 - -b?
-b327
In base 14, what is -c8a - 39?
-cc5
In base 3, what is 1212211 + -1022?
1211112
In base 8, what is 1 - 122173?
-122172
In base 9, what is -5 - 70564?
-70570
In base 8, what is 0 + 572401?
572401
In base 3, what is 2002 - 1222102?
-1220100
In base 4, what is -202010 + 2?
-202002
In base 6, what is -24333 + -134?
-24511
In base 10, what is 3 - -8428?
8431
In base 4, what is -221221 + 112?
-221103
In base 5, what is -203040 + -101?
-203141
In base 7, what is -1146413 - 2?
-1146415
In base 10, what is 6 + -415?
-409
In base 7, what is -13 + 5465?
5452
In base 2, what is -10100 - -110000110001101?
110000101111001
In base 14, what is -6514 - -5?
-650d
In base 4, what is 0 + 23301112?
23301112
In base 4, what is -11 + 2100023?
2100012
In base 15, what is -4 + -7109?
-710d
In base 10, what is 180 - -5003?
5183
In base 16, what is 58 + 6a1?
6f9
In base 14, what is 1c + -10bb?
-109d
In base 16, what is 1309a + 2?
1309c
In base 14, what is -655b9b - -1?
-655b9a
In base 14, what is -151 - -5729?
55b8
In base 9, what is 1042 - -48?
1101
In base 3, what is 212201 + -21?
212110
In base 3, what is 21 - -1010112001?
1010112022
In base 16, what is -2 - -179e?
179c
In base 10, what is 523423 - -1?
523424
In base 5, what is 30 - -13420?
14000
In base 12, what is -5 - -105055?
105050
In base 7, what is -5 - -43305?
43300
In base 4, what is 10 - 1332021?
-1332011
In base 10, what is -772 + -1639?
-2411
In base 14, what is 6a881 + 13?
6a894
In base 3, what is -120212 - 1212000?
-2102212
In base 6, what is -123 + -4?
-131
In base 11, what is 10a + 2a386?
2a495
In base 11, what is -24 - 1001?
-1025
In base 2, what is 1110110101011111 - 101?
1110110101011010
In base 13, what is 33 + 1a23?
1a56
In base 15, what is 16887 - -15?
1689c
In base 6, what is 0 + 5221445?
5221445
In base 7, what is 60 - 1463?
-1403
In base 7, what is -11546043 + -3?
-11546046
In base 16, what is -48d4 - 4?
-48d8
In base 3, what is -12122 - 12?
-12211
In base 13, what is -123 + -b0?
-203
In base 8, what is -23623 - 7?
-23632
In base 15, what is -e + -45bca?
-45bd9
In base 13, what is 39320 - 19?
39304
In base 5, what is 1 - 2401043?
-2401042
In base 9, what is 182124 + 1?
182125
In base 3, what is 100021112201112 - -1?
100021112201120
In base 5, what is 11 + 43331033?
43331044
In base 10, what is -47 + -547?
-594
In base 13, what is -28651 + -25?
-28676
In base 7, what is 5 - -60553?
60561
In base 7, what is -2 + -15111544?
-15111546
In base 12, what is -679a + 103?
-6697
In base 9, what is -2303 - 637?
-3041
In base 2, what is -10 - 100000011000101011?
-100000011000101101
In base 2, what is 110 - -10000100101?
10000101011
In base 14, what is -1541 + -308?
-1849
In base 11, what is -1224 + 479?
-856
In base 6, what is -4212 - -11?
-4201
In base 13, what is 3 - 5894?
-5891
In base 6, what is 22 - -454033?
454055
In base 2, what is -1010100011100111010 + 11?
-1010100011100110111
In base 13, what is 1a82 + 21?
1aa3
In base 14, what is 69a92 + 3?
69a95
In base 15, what is 1b59c + 3?
1b5a0
In base 3, what is -20 - 121022121?
-121022211
In base 7, what is -2 - 42441?
-42443
In base 11, what is 14544 - 13?
14531
In base 11, what is 176 - 2836?
-2670
In base 14, what is 1 - -a0085?
a0086
In base 4, what is -20312233 + -102?
-20313001
In base 11, what is -21691 - -4?
-21688
In base 16, what is -86 - 90?
-116
In base 8, what is 2 - -527501?
527503
In base 10, what is -110057 + 7?
-110050
In base 13, what is -2012 + 21?
-1cc1
In base 10, what is -155 + -19?
-174
In base 13, what is -2505 - -a?
-24c8
In base 8, what is 5 + 24330?
24335
In base 11, what is -536 + -4073?
-45a9
In base 11, what is 20 - 1452?
-1432
In base 2, what is -1 - 10000000101011?
-10000000101100
In base 15, what is -3a5528 + -5?
-3a552d
In base 15, what is -3d8 + 354?
-84
In base 8, what is -3 - -222707?
222704
In base 2, what is 0 + -11001000011000011010?
-11001000011000011010
In base 9, what is 702 - 667?
24
In base 14, what is -1c6c - -127?
-1b45
In base 10, what is -3 + 4916?
4913
In base 10, what is 5950 - -19?
5969
In base 3, what is 1221020 - -1?
1221021
In base 8, what is -216 - 1023?
-1241
In base 13, what is 1b0c2 + 3?
1b0c5
In base 4, what is 10 + 2010103321?
2010103331
In base 15, what is -3 - 797?
-79a
In base 8, what is 255 + -136?
117
In base 2, what is -1101010 + -110111?
-10100001
In base 16, what is 227 + 356?
57d
In base 13, what is aa69 + 4?
aa70
In base 14, what is 10 + 1037?
1047
In base 12, what is 290b0 - -13?
29103
In base 9, what is -15 + 3127?
3112
In base 9, what is -52476 - -1?
-52475
In base 8, what is 2 - 17235?
-17233
In base 8, what is 56752 - 50?
56702
In base 14, what is -17 - -2165b?
21644
In base 3, what is -12 + -1021222202?
-1021222221
In base 2, what is 101 + 101001000111100?
101001001000001
In base 16, what is -4 + -b0e17?
-b0e1b
In base 10, what is -200 + -2842?
-3042
In base 8, what is 2155 - -2556?
4733
In base 8, what is -4 - -1533070?
1533064
In base 3, what is 12 + -201101012?
-201101000
In base 5, what is -1040 + -142223?
-143313
In base 14, what is 68 + 2d7?
361
In base 10, what is 370 - 65?
305
In base 5, what is -11 + 21410121?
21410110
In base 10, what is 54106 + -6?
54100
In base 6, what is 1044111 + 10?
1044121
In base 2, what is 1011100110 + -1011111?
1010000111
In base 5, what is -122021 + 23?
-121443
In base 15, what is 626 - -45?
66b
In base 4, what is 22023 + -1?
22022
In base 5, what is 3 + 10224403?
10224411
In base 12, what is 169 - -3060?
3209
In base 6, what is -53115 - -23?
-53052
In base 3, what is -20002021021 + -11?
-20002021102
In base 7, what is -1224522 - 4?
-1224526
In base 12, what is 96 + 55?
12b
In base 12, 